22
What is the highest common divisor of 404352 and 27?
27
Calculate the greatest common divisor of 151240 and 855.
95
Calculate the greatest common factor of 29737 and 908.
227
What is the greatest common factor of 216 and 1694664?
72
What is the greatest common divisor of 21901 and 121?
121
Calculate the highest common factor of 4480 and 122.
2
What is the greatest common factor of 638 and 23490?
58
Calculate the highest common divisor of 130 and 87685.
65
What is the greatest common divisor of 444 and 489288?
444
What is the greatest common factor of 1699 and 1?
1
Calculate the highest common factor of 7465 and 110.
5
Calculate the highest common factor of 594 and 882222.
66
Calculate the greatest common divisor of 9576 and 28.
28
Calculate the greatest common divisor of 471920 and 136.
136
Calculate the highest common factor of 3185 and 280.
35
Calculate the highest common divisor of 9477 and 7263.
27
What is the highest common factor of 64 and 117816?
8
Calculate the highest common factor of 9912735 and 315.
315
Calculate the greatest common divisor of 9990 and 9287.
37
What is the greatest common divisor of 260923 and 65?
13
What is the highest common factor of 4172 and 112?
28
What is the highest common divisor of 9 and 11301?
3
Calculate the greatest common factor of 21 and 15995.
7
What is the greatest common factor of 46258 and 505?
101
Calculate the highest common factor of 1862 and 456.
38
What is the highest common divisor of 4047 and 11229?
57
What is the greatest common divisor of 36202 and 184?
46
Calculate the greatest common divisor of 484877 and 1061.
1061
What is the greatest common divisor of 6798 and 8646?
66
Calculate the highest common factor of 26684 and 140.
28
What is the highest common factor of 87292 and 556?
556
What is the greatest common factor of 2788 and 4428?
164
Calculate the highest common factor of 213570 and 7770.
210
Calculate the highest common divisor of 364 and 90818.
182
Calculate the highest common divisor of 4 and 160514.
2
Calculate the highest common divisor of 21326839 and 43.
43
Calculate the highest common divisor of 27639 and 1332.
333
What is the highest common factor of 4410 and 7110?
90
What is the highest common divisor of 609 and 315?
21
Calculate the highest common factor of 195 and 577070.
65
What is the highest common divisor of 12870 and 12363?
39
What is the greatest common divisor of 19 and 887129?
19
Calculate the greatest common factor of 121 and 5009279.
121
Calculate the highest common factor of 2756 and 1007318.
1378
What is the greatest common divisor of 44042 and 854?
122
Calculate the highest common factor of 13896 and 192.
24
Calculate the highest common divisor of 77 and 877723.
77
What is the greatest common divisor of 10800 and 18225?
675
What is the greatest common divisor of 114731 and 3751?
31
What is the greatest common factor of 418 and 753863?
209
Calculate the greatest common factor of 6490 and 43070.
590
What is the highest common factor of 3306 and 279908?
1102
What is the greatest common factor of 680 and 40392?
136
What is the greatest common divisor of 69 and 16312083?
69
Calculate the highest common divisor of 790 and 28914.
158
What is the highest common divisor of 1702 and 328782?
74
What is the greatest common divisor of 40980 and 3780?
60
What is the highest common factor of 21720 and 156?
12
What is the highest common divisor of 1072 and 11584?
16
Calculate the greatest common factor of 3190 and 2750.
110
What is the greatest common divisor of 126 and 44996?
14
Calculate the highest common factor of 26035 and 4551.
41
What is the greatest common factor of 56010 and 30?
30
What is the highest common divisor of 3096 and 766776?
1032
What is the highest common factor of 618260 and 760?
380
Calculate the greatest common divisor of 8 and 5053912.
8
What is the greatest common factor of 33624 and 624?
24
Calculate the highest common factor of 208 and 4616.
8
Calculate the greatest common divisor of 35 and 561554.
7
What is the greatest common divisor of 7 and 21763?
7
Calculate the greatest common factor of 148900 and 350.
50
Calculate the highest common divisor of 507 and 183196.
169
Calculate the highest common divisor of 4284 and 102204.
612
Calculate the highest common divisor of 1563 and 4471743.
1563
Calculate the highest common divisor of 522 and 45126.
18
Calculate the greatest common divisor of 236 and 39548.
4
What is the highest common factor of 2950 and 12190?
10
What is the highest common factor of 5296 and 18224?
16
What is the highest common divisor of 208 and 56176?
16
What is the greatest common divisor of 32 and 406192?
16
Calculate the highest common divisor of 178321 and 11.
11
Calculate the greatest common factor of 681 and 3821999.
227
What is the greatest common factor of 21479 and 1833?
47
What is the greatest common factor of 222 and 1821?
3
What is the highest common factor of 128 and 15712?
32
Calculate the greatest common factor of 70 and 448170.
10
What is the greatest common factor of 4948448 and 1888?
1888
What is the highest common factor of 783207 and 119?
17
What is the highest common factor of 813805 and 470?
235
What is the greatest common factor of 6848 and 552120?
856
What is the greatest common divisor of 13065 and 312?
39
Calculate the highest common factor of 639 and 186801.
213
Calculate the greatest common factor of 95613 and 9744.
609
What is the greatest common divisor of 2960 and 6520?
40
What is the highest common divisor of 9 and 1110357?
9
What is the highest common divisor of 2595 and 15435?
15
What is the greatest common factor of 128 and 29752?
8
Calculate the greatest common divisor of 614077 and 575.
23
What is the highest common factor of 338287 and 2?
1
What is the highest common divisor of 38224 and 48?
16
Calculate the greatest common divisor of 33734 and 59786.
334
Calculate the greatest common factor of 229712 and 259.
7
What is the greatest common divisor of 17328 and 12464?
304
Calculate the highest common divisor of 5522776 and 28.
28
What is the highest common divisor of 118839 and 63?
21
What is the highest common divisor of 1138887 and 81?
27
What is the highest common factor of 4531 and 4925?
197
Calculate the highest common divisor of 18005 and 195.
65
Calculate the highest common factor of 396 and 104324.
44
What is the highest common divisor of 1012 and 7216?
44
Calculate the greatest common factor of 2366 and 10140.
338
Calculate the highest common factor of 508761 and 324.
81
What is the greatest common factor of 7448 and 364?
28
Calculate the highest common divisor of 506059 and 1389.
463
What is the highest common factor of 15084 and 306?
18
Calculate the highest common factor of 28432 and 64.
16
Calculate the highest common factor of 4284 and 276.
12
What is the highest common divisor of 341 and 15?
1
Calculate the greatest common factor of 1125348 and 1344.
84
What is the greatest common divisor of 45015 and 240?
15
What is the greatest common factor of 5886 and 3834?
54
What is the greatest common factor of 255784 and 8?
8
Calculate the greatest common factor of 76197 and 165.
33
Calculate the highest common factor of 3822 and 624.
78
What is the highest common divisor of 41541 and 793?
61
What is the greatest common divisor of 1761 and 108?
3
Calculate the highest common divisor of 470598 and 246.
246
What is the greatest common factor of 177701 and 17?
17
Calculate the highest common divisor of 7854 and 2541.
231
What is the highest common divisor of 3120 and 1280?
80
What is the highest common divisor of 739008 and 64?
64
What is the greatest common divisor of 22446 and 602?
86
Calculate the highest common divisor of 2588 and 18.
2
Calculate the greatest common divisor of 3982 and 8326.
362
What is the highest common divisor of 69000 and 50?
50
Calculate the highest common divisor of 92 and 9407.
23
What is the highest common factor of 219 and 2066192?
73
What is the highest common divisor of 64 and 2896?
16
Calculate the highest common divisor of 2391568 and 304.
304
Calculate the highest common factor of 8333 and 884.
13
Calculate the highest common factor of 9015 and 1575.
15
Calculate the highest common factor of 8 and 15832.
8
What is the highest common factor of 135509